ens digit of (-20)/(-90) - (-176)/18?
1
Let g(o) = 3*o. Let i be g(4). Suppose 0 = 6*p - 2*p + i. What is the units digit of 12*3*p/(-18)?
6
Let u be -9*((-28)/3)/4. Suppose c + 2*c = u. What is the units digit of c?
7
Let v(c) = -c**3 - c**2 + c + 12. Let l be v(0). Let m = l - 3. What is the units digit of m?
9
Let m be 10/55 + (-852)/(-33). What is the units digit of (-196)/(-6) - m/39?
2
Let c be 2/(-6)*(-8 - 1). Suppose 5*n - 193 = c*v, 2*n - n - 43 = 5*v. What is the tens digit of n?
3
Let y(k) = 2*k**2 - 6. What is the units digit of y(6)?
6
Suppose 4*u - 150 + 42 = 0. What is the units digit of u?
7
Suppose -a + 5 = 3. Suppose 5*m - 8 - 6 = -2*y, -3*m - 46 = -a*y. What is the tens digit of y?
1
Suppose -5*s - m = -0*m - 21, -3 = s + 2*m. What is the units digit of -12 + 16 - -1*s?
9
Let c = 13 + -2. Suppose -13 - c = -2*s. Let q = s - 8. What is the units digit of q?
4
Suppose -5*w + 86 = -3*w. What is the units digit of w?
3
What is the tens digit of (-2608)/(-14) - (-18)/(-63)?
8
What is the units digit of 108/8*(-2)/(-3)?
9
Suppose 3 = -t + 6. Suppose t = v - 16. What is the units digit of v?
9
What is the units digit of (-1755)/(-25) - (0 - (-16)/(-20))?
1
Let i be 16/4 + (-3 - -1). Suppose f + 348 = -2*f - i*c, -2*f - 232 = -4*c. What is the units digit of f/(-14) + (-8)/28?
8
Suppose k = -5*w, -2*w - 7 = -3*k + 10. What is the units digit of ((-4)/k)/(4/(-10))?
2
Let n(b) be the first derivative of b**3/3 - 3*b**2 + 1. Let a be n(6). Suppose -12 = -a*m - 2*m. What is the units digit of m?
6
Let s(x) = 3*x. Let w(q) = -q - 1. Let b(p) = s(p) + 4*w(p). Let g be b(-4). Suppose 19 = 5*d - 1, g = a - 2*d. What is the units digit of a?
8
Let j(f) = -f**2 + 8*f - 9. Suppose 0*p - 4*p = -12. Let v = p - -3. What is the units digit of j(v)?
3
Suppose 0*y = -4*y - 24. What is the units digit of (-1 - -3) + 14 + y?
0
What is the units digit of (-3)/(3*2/(-12))?
6
What is the units digit of 40 + (24/4 - 3)?
3
Suppose -o - 3*a + 16 = -7*a, -2*a - 10 = -o. Let m = o + -1. What is the units digit of 1/m + 64/6?
1
Let n(p) = p**3 - 4*p**2 - p + 3. Let y be n(4). Let k be (y + 0)*(-27)/3. Suppose 34 - k = 5*s. What is the units digit of s?
5
Let i(s) = -3*s - 2. Let l(f) = 10*f. Let m be l(-1). What is the units digit of i(m)?
8
Suppose -11*q + 4*q + 651 = 0. What is the tens digit of q?
9
Let r(l) = -6*l - 3*l**2 + 3*l**2 + 0*l - l**2 + 10. Let d be r(-7). What is the units digit of 2/((-2)/1) + d?
2
Let o = 57 - 40. Suppose 0 = -2*m + 4*m - 6. Suppose -3*g = m*v - g - 11, o = 5*v + 2*g. What is the units digit of v?
3
Suppose -8*n + 487 = -113. What is the tens digit of n?
7
Suppose 60 = 4*y - 7*y. What is the tens digit of (y/2)/((-2)/2)?
1
Suppose 3*l = 10*l - 189. What is the tens digit of l?
2
Let j be -2 + -1 + 3 - -4. What is the units digit of ((-18)/4)/((-2)/j)?
9
Suppose -11*y = -7*y - 864. What is the units digit of y?
6
Suppose -3*l + 5*g + 232 = 0, 2*l - 5*g + 400 = 7*l. What is the tens digit of l?
7
Let a(n) be the second derivative of 1/3*n**3 + 0 - n + 1/2*n**2. What is the units digit of a(4)?
9
Suppose 0 = -5*w - 3*k + 458, -2*w + k + 88 = -104. What is the tens digit of w?
9
Suppose -6*f + 612 = -390. What is the tens digit of f?
6
Let k(t) = 2*t**2 + 8*t + 1. Suppose -2*s + 12 = -4*s. What is the tens digit of k(s)?
2
Let i = -28 + 32. What is the units digit of i?
4
Let n be 70/22 - 10/55. Let f be 23/n - 2/3. Suppose -3*b - 15 = -3*h, -f*h + 3*h + 3*b = -20. What is the units digit of h?
5
Let a be 3/(-15) + 16/5. Suppose -14 = s - a*s. What is the units digit of s?
7
Suppose -2*w = -5*n - 5*w + 37, 0 = -4*n - 4*w + 36. Suppose 82 + 53 = n*b. What is the units digit of b?
7
Suppose 0 = -z + 4*k + 8, -5*k = 3*z - 76 - 33. What is the tens digit of z?
2
Suppose 4*j + 0 - 8 = -2*p, 0 = 5*j. Let o be (-1 - (-2 - -1)) + 2. Suppose -p = 3*u - 10, 4*z - o*u = 16. What is the units digit of z?
5
Suppose -i + 2 = 2*p - 2, 3*p - i = -4. Suppose -f + 2*f - 8 = p. Suppose 2*u = 3*u - f. What is the units digit of u?
8
Let x(n) = n + 14. Suppose -c - 22 = -0*c. Let s = c + 16. What is the units digit of x(s)?
8
What is the units digit of (3 + -107)*(4 + -2 + -3)?
4
Suppose 1885 = 6*t - t. What is the hundreds digit of t?
3
Let i be ((-5)/5)/((-1)/3). Suppose i*j - 13 = -n + j, 5*n - 3*j - 26 = 0. What is the units digit of n?
7
Let o = -5 + 5. Let w be (0 - -2) + (o - -1). Suppose -j + w = 2. What is the units digit of j?
1
Suppose 13 = 3*k + a, 0 = -2*k - 2*k - 4*a + 4. Let y = k + -8. What is the tens digit of y/4*(-44)/2?
1
Suppose 0*s = -s + 3. Suppose 0 = -s*n + 36 - 3. What is the tens digit of n?
1
What is the tens digit of (5/(-3))/((-5)/120)?
4
Let u be (-32)/(-3) - (-2)/6. Let h be (-2)/u + 224/22. What is the units digit of ((-6)/5)/((-2)/h)?
6
Let b(z) = z + 39. What is the tens digit of b(-14)?
2
Let v = -108 + 62. Let s be -7 + 7 + v/(-2). Let m = -16 + s. What is the units digit of m?
7
Suppose 4*y - 369 = 3*s, 6*s + 71 = y + s. What is the tens digit of y?
9
What is the tens digit of 536/(-10)*(-1)/((-4)/(-10))?
3
What is the tens digit of (0 + -1)*(-194 - (-3 + -7))?
8
Suppose 0 = 14*l - 9*l - 420. What is the tens digit of l?
8
Let c = 186 - 40. Suppose 0 = -2*d + 2*k - 7*k + c, 0 = 3*k - 6. Suppose -4*m + d = -0*m. What is the tens digit of m?
1
Let l = 9 - 12. What is the units digit of (-2)/6*1*l?
1
Let j be ((-8)/(-20))/(1/5). Let n = -1 + j. What is the units digit of n?
1
Let v(i) = i**2 + 8*i - 6. Let g be v(-9). Suppose g*c + 12 = 27. What is the units digit of c?
5
Let j(a) = 2*a**2 + 8*a + 8. Let n be ((-6)/4)/(5/20). What is the tens digit of j(n)?
3
Let v = 24 + -19. Suppose 3*s + 33 = m, -6*s + 105 = v*m - s. What is the tens digit of m?
2
Suppose -u + 3*u = -5*c - 7, -u + 5*c + 19 = 0. Suppose a = -0*a - 5*d, u*d - 48 = -4*a. What is the units digit of a?
5
Let a be (8/3)/((-2)/(-3)). Suppose -4*z + 285 = q, a*z + z - 350 = 5*q. Suppose -4*n + 48 = h, -2*n - 3*n - 4*h = -z. What is the units digit of n?
1
Let x(h) = -h**2 + 5*h + 6. Let f be x(6). Suppose f = 3*r - 5*g - 137, 94 - 8 = 2*r - 2*g. What is the units digit of r?
9
Let q(o) = o**2 + 4*o - 3. Let h be q(-7). Let r = h - 10. What is the units digit of r?
8
Suppose -4*k = -5*g + 227, g = -3*g + 2*k + 184. What is the tens digit of g?
4
Suppose w - 2*c - 2 = -c, c = 3*w - 14. What is the units digit of w?
6
Let b(c) = c**3 + c**2 - c + 7. Suppose 0*f + 4*f + 8 = 0. Let m = f - -2. What is the units digit of b(m)?
7
Let a be ((-1)/3)/((-2)/(-6)). Let b be a/(-2*1/8). Suppose 3*r = -r - 3*o + 20, -5*r = b*o - 24. What is the units digit of r?
8
Suppose 3*p + 5*d = -6, p + 1 + 1 = 4*d. Let a(w) = -6*w - 1. Let k be a(p). Suppose -k = -b + 9. What is the units digit of b?
0
Suppose -10*k + 11*k = 45. What is the tens digit of k?
4
Suppose -w - 2*h = 2*h - 26, -w - 14 = -4*h. Suppose 0 = -3*a - w. What is the units digit of (2/a)/((-3)/18)?
6
What is the hundreds digit of (-8622)/(-38) + (-24)/(-228)?
2
Let f = 7 - 5. Suppose f*v = v + 5. Suppose 27 = 4*g - 0*g + 3*j, v*g + 4*j = 33. What is the units digit of g?
9
Let i = -322 + 573. What is the units digit of i?
1
Suppose -4*i + 34 = 10. Suppose -i = -5*d + 7*d. What is the units digit of d/9 + (-57)/(-9)?
6
Let s(t) = t**3 - t**2 - t + 3. What is the units digit of s(3)?
8
Let r be (90/4)/(1/2). Let w = r - 24. What is the units digit of w?
1
Suppose 0 = 4*b + 276 + 104. Let t = b - -136. What is the units digit of t?
1
Let i(g) = -g + 1. Let a be i(-6). Let h = a + -5. Suppose h = -q + 5. What is the units digit of q?
3
Suppose 5*h = 2*h + 3. Let s be -2 - (-6)/2 - -13. What is the units digit of (-3)/((-6)/s) + h?
8
Let l be 1/(-2) + (-26)/(-4). What is the tens digit of ((-57)/(-6))/(3/l)?
1
Let t(m) be the third derivative of -m**5/120 + m**4/6 - m**3/2 + 2*m**2. Let k(b) be the first derivative of t(b). What is the units digit of k(3)?
1
Suppose -5*c + 3 = 8. Let h = c + -1. What is the units digit of ((-18)/6)/(1/h)?
6
Let g(z) = z**3 + 7*z**2 + 4. Let a(s) = -2*s**2 - 11*s. Let u be a(-6). What is the units digit of g(u)?
0
Let t = -4 - -4. Suppose j - 1 + 4 = t. What is the units digit of 0/(1 + j) + 8?
8
What is the hundreds digit of -240*(4/(-12))/((-1)/(-3))?
2
Suppose 0*u = -2*u + 